{"id":91,"date":"2011-04-14T13:54:16","date_gmt":"2011-04-14T11:54:16","guid":{"rendered":"http:\/\/xn--lranshamnfrening-mwbj.se\/?page_id=91"},"modified":"2015-09-01T21:27:32","modified_gmt":"2015-09-01T19:27:32","slug":"om-lorans-hamnforening","status":"publish","type":"page","link":"https:\/\/xn--lranshamnfrening-mwbj.se\/?page_id=91","title":{"rendered":"Hamnf\u00f6reningen"},"content":{"rendered":"<h2><strong>Sl\u00e5r vakt om gemensamma intressen och verkar f\u00f6r god sammanh\u00e5llning i fiskel\u00e4get<\/strong><\/h2>\n<p>L\u00f6rans Hamnf\u00f6rening har i sin nuvarande form funnits sedan n\u00e5gon g\u00e5ng p\u00e5 1960-talet d\u00e5 det gamla hamnlaget p\u00e5 grund av en tilltagande flykt fr\u00e5n yrkesfisket hade spelat ut sin roll. Det blev d\u00e5 uppenbart att gemensamma intressen i hamnen inte l\u00e4ngre handlade enbart om fisket och f\u00f6ruts\u00e4ttningarna f\u00f6r att bedriva den n\u00e4ringen. Majoriteten av de boende &#8211; fast eller p\u00e5 fritiden &#8211; utgjordes redan vid den tiden av sommarstuge\u00e4gare.<\/p>\n<p>F\u00f6reningen \u00e4r ideell och den har idag ett 140-tal medlemmar. Medlemsm\u00f6ten h\u00e5lls f\u00f6retr\u00e4desvis sommartid d\u00e5 \u00e4ven flertalet av de fritidsboende finns p\u00e5 plats. \u00d6vrig tid p\u00e5 \u00e5ret hanterar den valda styrelsen l\u00f6pande \u00e4renden, h\u00e5ller medlemmarna informerade och skickar vid behov ut fr\u00e5gor till dem p\u00e5 remiss. Tanken \u00e4r att merparten av informationen till och kontakterna med medlemmarna ska kunna kanaliseras via f\u00f6reningens hemsida.<\/p>\n<p>I styrelsen sitter idag Morgon \u00c5hlund, ordf\u00f6rande, Gunilla Raupach, vice ordf\u00f6rande, Roland Karlsson, kass\u00f6r, Hans-Olof Jonsson, sekreterare, Kenneth Sillman, ledamot samt Tommy Bergstr\u00f6m och Lasse Eriksson, suppleanter.<\/p>\n<p><a href=\"http:\/\/xn--lranshamnfrening-mwbj.se\/wp-content\/uploads\/2011\/04\/IMG_2949.jpg\"><img decoding=\"async\" loading=\"lazy\" class=\"alignleft size-medium wp-image-178\" title=\"IMG_2949\" src=\"http:\/\/xn--lranshamnfrening-mwbj.se\/wp-content\/uploads\/2011\/04\/IMG_2949-300x200.jpg\" alt=\"\" width=\"300\" height=\"200\" srcset=\"https:\/\/xn--lranshamnfrening-mwbj.se\/wp-content\/uploads\/2011\/04\/IMG_2949-300x200.jpg 300w, https:\/\/xn--lranshamnfrening-mwbj.se\/wp-content\/uploads\/2011\/04\/IMG_2949-1024x682.jpg 1024w, https:\/\/xn--lranshamnfrening-mwbj.se\/wp-content\/uploads\/2011\/04\/IMG_2949.jpg 1728w\" sizes=\"(max-width: 300px) 100vw, 300px\" \/><\/a>Eftersom Sundsvalls kommun \u00e4ger b\u00e5de marken inom det egentliga hamnomr\u00e5det och sj\u00e4lva hamnanl\u00e4ggningen \u00e4r en av f\u00f6reningens huvuduppgifter att tillvarata medlemmarnas gemensamma intressen gentemot kommunen eller annan part som har p\u00e5verkan p\u00e5 boendet och verksamheten i fiskel\u00e4get. \u00a0M\u00e5nga av medlemmarna arrenderar tomtmark av kommunen, \u00e4nnu fler arrenderar b\u00e5tplats och alla \u00e4r p\u00e5 ett\u00a0eller annat s\u00e4tt ber\u00f6rda av p\u00e5 vilket s\u00e4tt det gemensamma hamnomr\u00e5det sk\u00f6ts och nyttjas.<\/p>\n<p>Det \u00e4r f\u00f6reningens uppgift att yttra sig till kommunen vid all ny-, till- eller ombyggnad av fastigheter inom hamnomr\u00e5det och ansvaret \u00e4r d\u00e5 i f\u00f6rsta hand att sl\u00e5 vakt om L\u00f6ruddens karakt\u00e4r av gammalt fiskel\u00e4ge. F\u00f6reningen har ocks\u00e5 genom ett s\u00e4rskilt sk\u00f6tselavtal tagit p\u00e5 sig uppgiften att mot viss ers\u00e4ttning utf\u00f6ra ett antal sysslor som annars skulle \u00e5vilat kommunen i dess egenskap av fastighets\u00e4gare. Det handlar bl a om visst underh\u00e5ll av v\u00e4gar, bryggor och hamnbelysning. Det handlar om is\u00e4ttning och upptagning av Y-bommar och det handlar \u00e4ven om att h\u00e5lla rent och snyggt i hamnen.<\/p>\n<p>Ansvariga f\u00f6r dessa uppgifter \u00e4r f\u00f6reningens hamn- och omr\u00e5deskommitt\u00e9er.<\/p>\n<p>I m\u00e5nga av fr\u00e5gorna som g\u00e4ller sj\u00e4lva hamnen och b\u00e5tplatserna har hamnkommitt\u00e9n ett n\u00e4ra samarbete med intressef\u00f6reningarna p\u00e5 Br\u00e4m\u00f6n, s\u00e5v\u00e4l i Norrhamn som p\u00e5 Sanna och p\u00e5 Kalven.<\/p>\n<p><a href=\"http:\/\/xn--lranshamnfrening-mwbj.se\/wp-content\/uploads\/2011\/04\/DSCN1299.jpg\"><img decoding=\"async\" loading=\"lazy\" class=\"alignright size-medium wp-image-100\" title=\"DSCN1299\" src=\"http:\/\/xn--lranshamnfrening-mwbj.se\/wp-content\/uploads\/2011\/04\/DSCN1299-300x225.jpg\" alt=\"\" width=\"300\" height=\"225\" srcset=\"https:\/\/xn--lranshamnfrening-mwbj.se\/wp-content\/uploads\/2011\/04\/DSCN1299-300x225.jpg 300w, https:\/\/xn--lranshamnfrening-mwbj.se\/wp-content\/uploads\/2011\/04\/DSCN1299-1024x768.jpg 1024w\" sizes=\"(max-width: 300px) 100vw, 300px\" \/><\/a>En annan av f\u00f6reningens m\u00e5ls\u00e4ttningar \u00e4r att verka f\u00f6r god sammanh\u00e5llning och kamratskap bland f\u00f6reningens medlemmar. Det inneb\u00e4r huvudsakligen att f\u00f6reningens festkommitt\u00e9 varje \u00e5r arrangerar ett antal olika aktiviteter som medlemmarna inbjuds att delta i, gratis eller till subventionerat pris.<\/p>\n<p>&nbsp;<\/p>\n<p><a href=\"http:\/\/xn--lranshamnfrening-mwbj.se\/wp-content\/uploads\/2011\/04\/Loran-sommar-2010-069.jpg\"><img decoding=\"async\" loading=\"lazy\" class=\"alignleft size-medium wp-image-130\" title=\"Loran sommar 2010 069\" src=\"http:\/\/xn--lranshamnfrening-mwbj.se\/wp-content\/uploads\/2011\/04\/Loran-sommar-2010-069-300x199.jpg\" alt=\"\" width=\"300\" height=\"199\" \/><\/a>P\u00e5 midsommarafton l\u00f6vas majst\u00e5ngen s\u00e5 att barn och vuxna kan dansa ringdans och leka lekar tillsammans innan de privata midsommarfesterna tar vid. I juli arrangeras hamnfest med mat, underh\u00e5llning och dans i f\u00f6reningens evenemangst\u00e4lt och under&#8221;lysnatta&#8221; i augusti samlas i t\u00e4ltet f\u00f6r att umg\u00e5s och t\u00e4nda marschaller.<\/p>\n<p>Vid havet p\u00e5 norra sidan om hamnen finns en liten vedeldad bastu vars sk\u00f6tsel och drift omes\u00f6rjs av en av f\u00f6reningen utsedd bastukommitt\u00e9. L\u00f6st knuten till f\u00f6reningen finns ocks\u00e5 en kyrkokommitt\u00e9 som bist\u00e5r den av f\u00f6rsamlingen utsedda kyrkv\u00e4rden i uppgifter som har med sk\u00f6tseln av kapellet att g\u00f6ra.<\/p>\n<p>&nbsp;<\/p>\n<p>&nbsp;<\/p>\n<p>&nbsp;<\/p>\n<p>&nbsp;<\/p>\n","protected":false},"excerpt":{"rendered":"<p>Sl\u00e5r vakt om gemensamma intressen och verkar f\u00f6r god sammanh\u00e5llning i fiskel\u00e4get L\u00f6rans Hamnf\u00f6rening har i sin nuvarande form funnits sedan n\u00e5gon g\u00e5ng p\u00e5 1960-talet d\u00e5 det gamla hamnlaget p\u00e5 grund av en tilltagande flykt fr\u00e5n yrkesfisket hade spelat ut &hellip; <a href=\"https:\/\/xn--lranshamnfrening-mwbj.se\/?page_id=91\">Forts\u00e4tt l\u00e4sa <span class=\"meta-nav\">&rarr;<\/span><\/a><\/p>\n","protected":false},"author":2,"featured_media":302,"parent":0,"menu_order":1,"comment_status":"open","ping_status":"open","template":"","meta":[],"_links":{"self":[{"href":"https:\/\/xn--lranshamnfrening-mwbj.se\/index.php?rest_route=\/wp\/v2\/pages\/91"}],"collection":[{"href":"https:\/\/xn--lranshamnfrening-mwbj.se\/index.php?rest_route=\/wp\/v2\/pages"}],"about":[{"href":"https:\/\/xn--lranshamnfrening-mwbj.se\/index.php?rest_route=\/wp\/v2\/types\/page"}],"author":[{"embeddable":true,"href":"https:\/\/xn--lranshamnfrening-mwbj.se\/index.php?rest_route=\/wp\/v2\/users\/2"}],"replies":[{"embeddable":true,"href":"https:\/\/xn--lranshamnfrening-mwbj.se\/index.php?rest_route=%2Fwp%2Fv2%2Fcomments&post=91"}],"version-history":[{"count":26,"href":"https:\/\/xn--lranshamnfrening-mwbj.se\/index.php?rest_route=\/wp\/v2\/pages\/91\/revisions"}],"predecessor-version":[{"id":1206,"href":"https:\/\/xn--lranshamnfrening-mwbj.se\/index.php?rest_route=\/wp\/v2\/pages\/91\/revisions\/1206"}],"wp:featuredmedia":[{"embeddable":true,"href":"https:\/\/xn--lranshamnfrening-mwbj.se\/index.php?rest_route=\/wp\/v2\/media\/302"}],"wp:attachment":[{"href":"https:\/\/xn--lranshamnfrening-mwbj.se\/index.php?rest_route=%2Fwp%2Fv2%2Fmedia&parent=91"}],"curies":[{"name":"wp","href":"https:\/\/api.w.org\/{rel}","templated":true}]}}